19297 is divided by 20.
17
What is the remainder when 145936 is divided by 243?
136
Calculate the remainder when 35092597 is divided by 2924383.
1
What is the remainder when 56682 is divided by 1966?
1634
Calculate the remainder when 76271 is divided by 290.
1
What is the remainder when 108174 is divided by 243?
39
Calculate the remainder when 126644 is divided by 31615.
184
What is the remainder when 5323106 is divided by 55?
41
What is the remainder when 16487 is divided by 4825?
2012
What is the remainder when 259842 is divided by 47?
26
Calculate the remainder when 2174348 is divided by 23371.
845
Calculate the remainder when 595844687 is divided by 146.
145
Calculate the remainder when 205884 is divided by 2288.
2252
Calculate the remainder when 1691875366 is divided by 228.
226
What is the remainder when 3935 is divided by 3846?
89
What is the remainder when 1203508 is divided by 20750?
8
What is the remainder when 6025267 is divided by 4398?
7
What is the remainder when 730980884 is divided by 44?
40
What is the remainder when 38174522 is divided by 1813?
1807
What is the remainder when 352305 is divided by 1412?
717
Calculate the remainder when 4194922 is divided by 2948.
2866
What is the remainder when 113483 is divided by 86?
49
Calculate the remainder when 836008 is divided by 55712.
328
What is the remainder when 49136 is divided by 689?
217
What is the remainder when 404524 is divided by 217?
36
What is the remainder when 9784 is divided by 2715?
1639
What is the remainder when 242602 is divided by 1545?
37
What is the remainder when 88568399 is divided by 4600?
4599
What is the remainder when 488946 is divided by 205?
21
Calculate the remainder when 19080526 is divided by 268.
266
What is the remainder when 2305989 is divided by 2236?
673
Calculate the remainder when 1996324 is divided by 641.
250
What is the remainder when 48173 is divided by 9577?
288
Calculate the remainder when 68548546 is divided by 5258.
0
Calculate the remainder when 169146 is divided by 408.
234
Calculate the remainder when 17479028 is divided by 2060.
1988
What is the remainder when 2322208 is divided by 5791?
17
Calculate the remainder when 8388303 is divided by 489.
486
What is the remainder when 3627808 is divided by 3114?
3112
What is the remainder when 15550 is divided by 9040?
6510
What is the remainder when 12316163 is divided by 23?
8
Calculate the remainder when 4971532 is divided by 3.
1
Calculate the remainder when 49733 is divided by 513.
485
Calculate the remainder when 4862442 is divided by 29649.
6
What is the remainder when 18343 is divided by 5506?
1825
What is the remainder when 11080720 is divided by 4545?
10
What is the remainder when 274468 is divided by 21?
19
What is the remainder when 3746899 is divided by 423?
388
What is the remainder when 16271710 is divided by 24?
22
Calculate the remainder when 2530206 is divided by 3378.
84
Calculate the remainder when 21887106 is divided by 321868.
82
What is the remainder when 175856 is divided by 1930?
226
Calculate the remainder when 8021578 is divided by 274.
228
What is the remainder when 318840079 is divided by 52?
51
Calculate the remainder when 813682 is divided by 70.
2
What is the remainder when 98209 is divided by 659?
18
Calculate the remainder when 68333464 is divided by 897.
4
Calculate the remainder when 20620 is divided by 3514.
3050
What is the remainder when 197096 is divided by 17912?
64
Calculate the remainder when 1268940 is divided by 17374.
638
Calculate the remainder when 405640 is divided by 1578.
94
What is the remainder when 9531080 is divided by 323?
319
Calculate the remainder when 16803 is divided by 382.
377
Calculate the remainder when 276709 is divided by 234.
121
What is the remainder when 870993 is divided by 174179?
98
Calculate the remainder when 2460185 is divided by 18780.
5
What is the remainder when 3279481 is divided by 234246?
37
Calculate the remainder when 13138897 is divided by 282.
235
What is the remainder when 2628872 is divided by 3866?
3858
What is the remainder when 6014066 is divided by 175?
16
What is the remainder when 209986 is divided by 209668?
318
Calculate the remainder when 2575468 is divided by 11.
5
What is the remainder when 222594 is divided by 110413?
1768
Calculate the remainder when 509828 is divided by 2563.
2354
What is the remainder when 959898882 is divided by 319966293?
3
Calculate the remainder when 72446099 is divided by 6586008.
11
Calculate the remainder when 1284919 is divided by 49383.
961
Calculate the remainder when 4916667 is divided by 819439.
33
Calculate the remainder when 66678 is divided by 21381.
2535
Calculate the remainder when 413170 is divided by 120.
10
What is the remainder when 218183022 is divided by 376?
374
What is the remainder when 11940851 is divided by 3203?
67
Calculate the remainder when 1966923 is divided by 9106.
27
Calculate the remainder when 244182 is divided by 797.
300
What is the remainder when 93365 is divided by 2670?
2585
What is the remainder when 203545472 is divided by 10095?
10082
What is the remainder when 7029036 is divided by 292873?
84
What is the remainder when 2166805376 is divided by 7713?
7712
What is the remainder when 35341563 is divided by 1079?
1076
Calculate the remainder when 1165523 is divided by 291377.
15
What is the remainder when 1226826 is divided by 306684?
90
Calculate the remainder when 511778 is divided by 20.
18
Calculate the remainder when 557787 is divided by 3984.
27
What is the remainder when 3248828406 is divided by 12029?
12028
What is the remainder when 78286 is divided by 186?
166
What is the remainder when 17214 is divided by 7546?
2122
Calculate the remainder when 3740513 is divided by 46.
23
Calculate the remainder when 27171 is divided by 6579.
855
What is the remainder when 4393613 is divided by 102177?
2
What is the remainder when 2771316 is divided by 168?
156
Calculate the remainder when 31201 is divided by 1839.
1777
Calculate the remainder when 16549 is divided by 3051.
1294
Calculate the remainder when 2416373 is divided by 30.
23
Calculate the remainder when 993774 is divided by 198754.
4
What is the remainder when 33401847 is divided by 3340163?
217
What is the remainder when 3291055 is divided by 6?
1
What is the remainder when 2971772 is divided by 4313?
115
Calculate the remainder when 20255861 is divided by 1519.
1515
What is the remainder when 58892878 is divided by 239?
171
Calculate the remainder when 7195 is divided by 3441.
313
Calculate the remainder when 159979 is divided by 158760.
1219
What is the remainder when 11875942 is divided by 3958641?
19
What is the remainder when 2491429 is divided by 6060?
769
Calculate the remainder when 432805 is divided by 2924.
53
What is the remainder when 1956024 is divided by 184?
104
Calculate the remainder when 186711 is divided by 23329.
79
Calculate the remainder when 18659 is divided by 14149.
4510
Calculate the remainder when 4815756 is divided by 626.
564
What is the remainder when 209979 is divided by 746?
353
What is the remainder when 58332331 is divided by 107?
104
Calculate the remainder when 27641 is divided by 9096.
353
Calculate the remainder when 11674884 is divided by 21.
18
Calculate the remainder when 104501 is divided by 14923.
40
Calculate the remainder when 15663407 is divided by 12.
11
What is the remainder when 59654 is divided by 59491?
163
Calculate the remainder when 2576219352 is divided by 17.
14
What is the remainder when 122187 is divided by 391?
195
What is the remainder when 537619 is divided by 13?
4
What is the remainder when 317791 is divided by 241?
153
What is the remainder when 25595 is divided by 8302?
689
Calculate the remainder when 11987 is divided by 290.
97
Calculate the remainder when 110048 is divided by 536.
168
Calculate the remainder when 5013749 is divided by 2120.
2069
What is the remainder when 147122 is divided by 8163?
188
What is the remainder when 271425 is divided by 164?
5
What is the remainder when 6223205 is divided by 11?
10
Calculate the remainder when 73665 is divided by 36578.
509
What is the remainder when 151251 is divided by 430?
321
What is the remainder when 672166 is divided by 1504?
1382
What is the remain